y 34?
31
Let y = -319 + 380. What is the remainder when y is divided by 35?
26
Let l(w) = w**2 + w - 3. Calculate the remainder when 75 is divided by l(4).
7
Let h be (-10 + 4)/((-3)/4). Suppose -f + h = -3. What is the remainder when f is divided by 7?
4
Suppose 0 = x + 5*z + 7, -2*x - 17 = -7*x + z. Suppose 8*a - x*a = 3*r - 26, 5*a = -5. Calculate the remainder when 11 is divided by r.
4
Suppose 4*b = 43 + 77. Let d(l) = l**2 + 14*l + 17. What is the remainder when b is divided by d(-14)?
13
Let z = -20 + 16. Let l be z - (-4 + 1) - 4. Let q(s) = s**3 + 8*s**2 + 4*s - 6. Calculate the remainder when q(l) is divided by 17.
15
Let k(n) = n**3 - 9*n**2 + 26*n + 1. Let s = -17 + 33. What is the remainder when k(5) is divided by s?
15
Suppose 9*b - 34 = 20. Suppose 0 = -2*j - l - 1, -l - 7 = -2*j + 2. Calculate the remainder when b is divided by j.
0
Suppose -4*y + 0*y = -1696. Let a = y + -300. What is the remainder when a is divided by 25?
24
Suppose -7*l - 362 = 23. What is the remainder when l/(-2) + 19/38 is divided by 15?
13
Let s(c) = 2*c**2 - 2. Let v be s(-2). Let w be -3 + v + 3 + -6. Suppose w = 2*n + 1 - 9. Calculate the remainder when 15 is divided by n.
3
Let z = -28 - -37. Let v be (-4)/14 - (-2)/7. Suppose 3 = -3*u - v*y - 5*y, -5*u - 2*y = -14. What is the remainder when z is divided by u?
1
Let a = 1283 - 1171. What is the remainder when a is divided by 28?
0
Suppose -2*b + 32 = -4*q - 8, -3*q = -3*b + 51. Suppose -n + 5*f = -7, 0 = 3*n + f + f - 4. What is the remainder when b is divided by n?
0
What is the remainder when 154 + (-3)/((-27)/6)*-6 is divided by 38?
36
What is the remainder when 2 + (305 - 0) + 48/16 is divided by 78?
76
Let k(s) = s**2 - 6. Let v be k(3). Suppose b - 22 = 3*a, 8*b = v*b + 3*a + 122. What is the remainder when 49 is divided by b?
24
Suppose -49*i + 50*i - 4*f = 386, 5*i - 1960 = 5*f. Calculate the remainder when i is divided by 45.
34
Calculate the remainder when (215 - 208) + 0 + 0 + 39 is divided by 14.
4
Let m = -9 - -30. Let f = 535 - 432. What is the remainder when f is divided by m?
19
Suppose -1424*c = -1384*c - 3480. Suppose 5*d = 4*u + 164 + 49, -5*d + 222 = -u. What is the remainder when c is divided by d?
42
Let t = 2363 + -2074. Calculate the remainder when t is divided by 23.
13
Let c be 4/6 + 24/18. Suppose -2*q - 3*v + c = -57, 2*q - v = 47. Let j = 17 - 8. Calculate the remainder when q is divided by j.
7
Calculate the remainder when 297 is divided by 5 + -4 - (8 + -59).
37
Let m(c) = -c**2 - 6*c + 1. Let o be m(-3). Calculate the remainder when ((-12)/o)/(3/(-70)) is divided by 10.
8
What is the remainder when ((-837)/(-62))/(2/72) is divided by 70?
66
Suppose o - 79 = 120. What is the remainder when o is divided by 34?
29
Let b = -151 + 166. Let h = 1 - -3. Suppose -3*l - 2*f + 0*f + 14 = 0, h*l + 2*f - 20 = 0. What is the remainder when b is divided by l?
3
Suppose -4*x + 2*x + 8 = 0. Let v(g) = -8*g - 35. Let f(h) = h**3 + 6*h**2 - 15*h + 2. Let b be f(-8). Calculate the remainder when v(b) is divided by x.
1
Let l(k) = k**3 - 8*k**2 + 5*k + 3. Let w be l(6). Let c = 46 + w. What is the remainder when c is divided by 3?
1
Let m = -13 + 12. Let j be 2/(1 + m/3). Suppose j*c - 2*c = 32. What is the remainder when 63 is divided by c?
31
Suppose 13*w - 10*w + 111 = 3*u, -4*u - 4*w = -140. What is the remainder when 137 is divided by u?
29
Let a = 242 - 119. What is the remainder when a is divided by 32?
27
Let y(i) = i**3 - 5*i**2 + 8*i - 9. Let r be y(3). Calculate the remainder when 3 + (r + 28/16)*-20 is divided by 10.
8
Let n = 1757 + -1376. Calculate the remainder when n is divided by 32.
29
Suppose 4*c - 13*c + 27 = 0. Suppose 0 = -c*n - 6, 5*r = 5*n + 248 - 73. What is the remainder when r is divided by 19?
14
Suppose 19*g - 8*g - 473 = 0. Calculate the remainder when 515 is divided by g.
42
Let f(t) = -6*t + 3. Let u be f(-2). Calculate the remainder when u/(-5)*42/(-9) is divided by 2.
0
Let k be 3 + (3 + -2 - 2). Let d be (66 - -3) + (k - -1). Calculate the remainder when (20/16)/(2/d) is divided by 12.
9
Calculate the remainder when 54 is divided by (-143)/(-29) + 6/87.
4
Suppose 146 + 14 = -4*v. Let t(s) = s**3 + s**2 - 3*s + 3. What is the remainder when (-352)/(-10) - (-8)/v is divided by t(2)?
8
What is the remainder when 67088/84 + (2/6 - 0) is divided by 25?
24
Suppose -2*i - 479*b = -482*b - 516, 3*i + 5*b - 774 = 0. Calculate the remainder when i is divided by 39.
24
What is the remainder when 6/10 - (-8856)/40 is divided by 56?
54
Let c(x) = 2*x**3 - x**2 + 7*x - 13. Let s be (7/(-4))/(1/(-4)). Suppose s - 35 = -p. What is the remainder when c(3) is divided by p?
25
Let t = 16 + -14. Suppose -34 = -z + 4*l, -t*z - 3*l - l + 44 = 0. Calculate the remainder when 50 is divided by z.
24
Let q = 38 - 36. Suppose -q*x = -5*x + 102. What is the remainder when 67 is divided by x?
33
Let u(f) = f**3 - 9*f**2 + 15*f + 5. Calculate the remainder when 68 is divided by u(7).
8
Let y = -15 + 18. Let b be 2*(y + (-36)/8). Let v = 33 + b. What is the remainder when v is divided by 11?
8
Suppose w - 5 = -1. Let v be -2 + w/((-4)/(-3)). What is the remainder when 2 + (v - -15) + 2 is divided by 12?
8
Suppose -2*d - 3*x + 583 = 153, 2*d - 440 = 2*x. Calculate the remainder when d is divided by 57.
47
Let l(d) = d**2 + 8*d + 7. Let u be l(-5). Let b(v) = -52*v**3 - v**2 + 3*v + 4. Calculate the remainder when b(-1) is divided by (54/(-8))/(3/u).
16
Suppose 0 = z + 18*l - 17*l - 49, -15 = 3*l. Suppose 4*k + k - 150 = 0. What is the remainder when z is divided by k?
24
Let p = 49 - 1. Suppose 6*o - 85 = -q + 3*o, -2*q + 173 = 5*o. Calculate the remainder when q is divided by p.
46
Suppose -3*h - 15 = 0, -2*g - 46 = -5*g + 2*h. Let j = 79 - 20. What is the remainder when j is divided by g?
11
Let w = -30 - -30. Suppose w = -3*r, -355 = -6*d + d + r. Calculate the remainder when d is divided by 18.
17
Suppose 5*g - k = 235, 0 = 3*g - 2*k - 5 - 143. Suppose -114*o + 128*o = 224. What is the remainder when g is divided by o?
14
Let y = 473 - 305. Calculate the remainder when y is divided by 26.
12
Let v be 965 - (-2 + -1 + 2). What is the remainder when 67 is divided by 2/(-8) + v/56?
16
Let s = 6 + 21. Let d(i) = i**2 - 2*i. Let y be d(2). Suppose c + 2 - 17 = y. Calculate the remainder when s is divided by c.
12
Let b(r) = -r**3 + 20*r**2 + 2*r + 6. Let l be b(9). Let w be 2/(-4) - l/6. Calculate the remainder when w/(-27) + 4/(-6) is divided by 4.
1
Suppose 32*v = -g + 28*v - 17, g + 5 = -v. Suppose 0 = y - 2*y + 3. Let m = y + g. Calculate the remainder when m is divided by 1.
0
Calculate the remainder when 151 - -1 - (-4 - -7 - 0) is divided by 15.
14
Let x = -5 - -6. Calculate the remainder when 131 is divided by x*-3 + (-468)/(-13).
32
Let w(u) = u + 7. Let o(g) = g + 6. Let m(v) = -7*o(v) + 6*w(v). Calculate the remainder when 34 is divided by m(-18).
16
Suppose m = -3*h + 271, -8*m + 6*m = 2*h - 186. What is the remainder when h is divided by 24?
17
Let v = 304 - 138. Calculate the remainder when v is divided by 56.
54
Suppose -35 = 10*j - 15*j. Let l(m) = 4*m**3 + 4*m**2 + 5 + m**2 - 3*m**3. Calculate the remainder when j is divided by l(-5).
2
Let i(q) = q**3 + 9*q**2 + 9*q + 9. Let t be i(-8). Let h be 24 - ((-3)/3 + t). Let y = -19 + h. What is the remainder when y is divided by 3?
2
Suppose 3*b - 2 = -8*c + 7*c, -b - 39 = -2*c. Calculate the remainder when c is divided by 32/6 - 1/3.
2
Let r(n) = n**2 + n + 1. What is the remainder when 508 is divided by r(8)?
70
Suppose 2*s - 3*s = -8. Suppose s*b = 5*b + 66. Suppose -3*u = r - 0*r - 35, -5*u + 64 = -4*r. Calculate the remainder when b is divided by u.
10
Let s(f) = f - 1. Let u be s(3). Suppose 0*q + 91 = 2*q - 3*z, 0 = -5*q + u*z + 200. Let y = 20 + q. What is the remainder when y is divided by 15?
13
Suppose -2*w + 4*b - 26 = 0, 2*b - 26 = 2*w + 3*b. Calculate the remainder when 55 is divided by (w + 12)/(2/(-30)).
10
Suppose -8*a + 68 + 28 = 0. Suppose -6*p - 3*s = -p - 227, -2*p + 4*s = -96. Calculate the remainder when p is divided by a.
10
Let l(z) = -z**3 + z. Let q(b) = -9*b**3 + 2*b**2 + 5*b - 1. Let a(x) = -4*l(x) + q(x). Calculate the remainder when 87 is divided by a(-2).
42
Let j be 2 + 0*1/3. Suppose -